at are the prime factors of s?
2, 3, 37
Let c(f) = 6*f**2 - 36*f + 23. Let h be 5*3 - (-3 + 2)*-5. What are the prime factors of c(h)?
263
Let c = -107440 - -151617. List the prime factors of c.
7, 6311
Let n = -8973 - -14481. Let v = n - 3850. List the prime factors of v.
2, 829
Let m be (10/8)/((-1)/(-4)). Suppose -265 - 100 = -m*k. Let a = -38 + k. What are the prime factors of a?
5, 7
Suppose -31*z + 163636 = -525556. List the prime factors of z.
2, 7, 397
Suppose 417*a + 4*l = 415*a + 5868, -5*a + 14631 = -3*l. What are the prime factors of a?
2, 3, 61
Let y be (-3)/((-45)/(-12))*(2 + 3). Let m(z) = -10*z**2 - 2*z + 5. Let u be m(y). Let b = u + 215. List the prime factors of b.
2, 17
Suppose -90 - 60 = -10*a. Let k(s) = 8*s - 39. List the prime factors of k(a).
3
Let x(v) = v**2 + v - 70. Let z be x(0). Let q be z/35 - 5/(-1*1). What are the prime factors of (3 - (-6)/q) + 157?
2, 3
Let w(a) = 8*a**2 - 20*a. What are the prime factors of w(28)?
2, 3, 7, 17
Let g(f) = -2*f + 9. Let k be g(9). What are the prime factors of 36/(((-5)/(-15))/((-16)/k))?
2, 3
Let a = -159 - -156. List the prime factors of a/15 + 2602/10 - -2.
2, 131
Let x be (2 + 57/12)*148/111. List the prime factors of 112/504 - (-2266)/x.
2, 3, 7
Suppose -464 = -3*z + 55. Let a = -109 - -203. Let v = z - a. What are the prime factors of v?
79
Suppose -23*p = -19*p + 456. Let x = -106 - p. Suppose x*k = -3*k + 363. List the prime factors of k.
3, 11
List the prime factors of 25831 + (1131/(-174) - (-3)/(6/(-1))).
2, 3, 269
Let s be (-84)/105 + 2/(-10). List the prime factors of (6348/46)/(0/2 - s).
2, 3, 23
Let a(o) be the third derivative of -11/3*o**3 - 2/3*o**4 + 0*o + 22*o**2 + 0. What are the prime factors of a(-9)?
2, 61
Let w = 205 - 187. Let l = w - -76. What are the prime factors of l?
2, 47
Let i be (-1 - 1) + (34 - -1). Suppose -72 = -27*d + 3*d. Suppose d*b = i + 348. List the prime factors of b.
127
Let d(i) = 22*i**2 - 18*i + 11. Let g be d(-5). What are the prime factors of (g - -2) + 5 + -2 + 0?
2, 41
Suppose -28474 = -18*i + 16*i - 2*k, -42718 = -3*i - 2*k. List the prime factors of i.
2, 3, 1187
Let t(h) = h**2 + 15*h - 32. Let s be t(-17). Suppose 15*f + r - 719 = 14*f, s*f - 5*r - 1452 = 0. List the prime factors of f.
7, 103
Let w(l) = 13*l**2 + 7*l - 1290. What are the prime factors of w(-60)?
2, 3, 5, 167
Suppose j = 16982 - 12260. What are the prime factors of j?
2, 3, 787
Let d be 3/(-6) - (3126/(-4))/1. Let t = d + -266. What are the prime factors of t?
5, 103
Suppose 0 = -5*n + 5, 0 = -400*y + 399*y + 2*n + 19136. List the prime factors of y.
2, 7, 1367
Let c = 38 + -38. Suppose 2*g - 6 - 2 = c. Suppose 294 = g*t + q - 6*q, 4*t - q - 302 = 0. List the prime factors of t.
2, 19
Suppose 19061 + 10627 = 6*i. Suppose 6*m - 1298 = i. What are the prime factors of m?
3, 347
Suppose -3*g - t - 293 = -0*t, 10 = -2*t. Let u = g + 537. What are the prime factors of u?
3, 7
Let t be (6 - 0)*4*33/(-88). Let m(l) = l**3 + 17*l**2 - 27*l + 8. What are the prime factors of m(t)?
29, 31
Let g(w) = -38*w + 3827. List the prime factors of g(-7).
4093
Let j be ((-1140)/342)/((-2)/(-3)). Let c(f) = -24 + 4*f**2 - 11 - 12*f - 1. List the prime factors of c(j).
2, 31
Suppose -14 = -3*r - 5. Suppose -r*c = -c, -5*v = -c - 630. What are the prime factors of v?
2, 3, 7
Suppose -s = -380 - 651. Let z = s - 425. What are the prime factors of z?
2, 3, 101
Suppose -2 = -b + 3. Suppose 5*v + 4*f + 57 = 4*v, 2*v + b*f = -123. Let k = v - -262. What are the prime factors of k?
193
Let d(t) = -2192*t + 2148. What are the prime factors of d(-10)?
2, 11, 547
What are the prime factors of (26715 - -350) + 2 + 0/(-2)?
27067
Suppose -p = -d + 572, 0*d - 3*p + 552 = d. Let b = -317 + d. Suppose -2*v - b = -588. List the prime factors of v.
13
Suppose 5*t = 3*c + 6225, -5*t + 9328 = 4*c + 3068. Suppose -5*d = 2*r - t, r - 111 = -2*d + 515. List the prime factors of r.
2, 317
Suppose 0 = -2*d - 4*t + 8544 + 23098, -d + 15816 = t. What are the prime factors of d?
97, 163
Let i = -247 - -244. List the prime factors of 1*(i + 4 + 578).
3, 193
Suppose f + 2*m = 413 + 1259, 0 = 3*m - 12. Suppose -174 = 5*l - f. List the prime factors of l.
2, 149
What are the prime factors of 43592/(-24)*-9 - (7 - -2)?
2, 3, 7, 389
List the prime factors of 0 + 105128/32 - 11/44.
3, 5, 73
Let p = 236 + 172. Let x = p - 58. What are the prime factors of x?
2, 5, 7
Let h(c) = c**3 + 6*c**2 - 5*c + 14. Let b be h(-7). Suppose b = -6*f - 0*f - 162. Let z = 135 + f. List the prime factors of z.
2, 3
Suppose 4*p + 1440 = 2*u + 8*p, 4 = -p. What are the prime factors of 189/6*u/42?
2, 3, 7, 13
Suppose -5*q + 126 = 9*q. Suppose -1 = -v, -14*b + q*b + 4*v + 501 = 0. What are the prime factors of b?
101
Let l(p) = -p**3 - 10*p**2 + 2*p - 44. What are the prime factors of l(-15)?
1051
Suppose -18*x - 4480 + 30953 = -14351. List the prime factors of x.
2, 3, 7
Let x be 1/5*(3 + 12). Suppose -3*z = -2*l + 1, -4 = -x*l + 3*z + 2. Let y(r) = 2*r**3 - 8*r**2 + 4*r - 5. List the prime factors of y(l).
5, 13
Suppose 150*d = 66*d + 75*d + 184851. List the prime factors of d.
19, 23, 47
Let q = 28 + -49. Let t be 1014/q + 8/28. List the prime factors of ((-516)/t)/((-2)/(-16)).
2, 43
Suppose -20 = -17*i + 7*i. Suppose -9605 = -i*r - 3*r. Suppose 0 = -22*z + 5*z + r. List the prime factors of z.
113
Let n = -1292 + 601. Let a = -330 - n. What are the prime factors of a?
19
Let p be -7 - (-27 + 9 - -9). List the prime factors of ((-8810)/(p - -3))/(6/(-3)).
881
Let l(j) = 3*j - 27. Let t be l(11). Suppose 2002 = t*d + d. List the prime factors of d.
2, 11, 13
Suppose -2*h - 58 - 90 = 0. Let f be (h/(-3)*-1)/((-26)/585). Suppose -5*s + 2*s + f = 0. List the prime factors of s.
5, 37
Suppose 0 = 18*r + 231*r + 20*r - 4411062. List the prime factors of r.
2, 3, 911
List the prime factors of (280/770)/(1/1903).
2, 173
List the prime factors of (3 + 274)*((-14)/((-112)/(-24)) + 70).
67, 277
Suppose 5*y + 2*l - l + 139 = 0, -5*y = 5*l + 135. Let d = y - 14. Let i = 108 + d. List the prime factors of i.
2, 3, 11
Suppose 0 = 5*y - 2*m - 38, 4*y - 9 = -m + 11. Suppose 0 = y*d - d + 195. Let j = 116 + d. List the prime factors of j.
7, 11
Let b = -85 - -91. Suppose -b*v + 10*v = 92. What are the prime factors of v?
23
Let l = 1093 + 217. Suppose 4*h - l = -h. Let x = h + -174. What are the prime factors of x?
2, 11
Suppose 0 = 692*p - 705*p + 378638. List the prime factors of p.
2, 14563
Let n(r) = 3*r**2 + 22*r - 98. Let t be n(4). Suppose -21746 = t*i - 74338. What are the prime factors of i?
2, 173
Suppose -5*y = -9*y. Suppose y = 4*a - 5*n - 264, -6*a + 8*a = -3*n + 132. List the prime factors of a.
2, 3, 11
Suppose -5*l = 2*l. Suppose -j = -0*x + 2*x - 3, -2*x - 2 = l. Suppose j*w = -5, -3*p + 3*w + 289 = 2*w. What are the prime factors of p?
2, 3
Suppose -3*g = 6*k - 7*k - 24, 2*g - 29 = 5*k. What are the prime factors of 1/(g/6 + (2 - 3))?
2, 3
Suppose 0 = -n - c + 97, 0 = 3*n + 23*c - 24*c - 287. Suppose 3*b - s - n = 1258, 5*s - 478 = -b. What are the prime factors of b?
3, 151
Let b = -924 - -3976. Suppose -b = -14*a + 2898. List the prime factors of a.
5, 17
Let y(k) = 389*k**3 - 2*k**2 - 5*k + 6. Let u be y(1). Suppose -w + 83 + 53 = -5*a, u = 3*w + 5*a. Let n = 252 - w. List the prime factors of n.
11
Let q(d) be the second derivative of 7*d**4/12 + 35*d**3/6 + 6*d**2 - 8*d. List the prime factors of q(-10).
2, 181
Let i = -61 - -50. What are the prime factors of i/(22/(-1038)) - 2?
11, 47
Let k(l) = 5*l**2 + 5*l - 13. Let q be k(2). Suppose 3388 = q*s + 974. List the prime factors of s.
2, 71
Let a(b) = -2*b**2 + 9*b - 26. Let j be a(-24). Let m = j - -2150. Suppose -177 = -c + 3*d + 2*d, -4*d - m = -4*c. What are the prime factors of c?
2, 3
Let q(a) = -11*a + 170. Let i be q(15). Suppose i*n - 1214 = -v, 1671 - 7741 = -5*v - 5*n. List the prime factors of v.
2, 607
Suppose m = 2*i - 21300, -22*i - 10664 = -23*i + 4*m. List the prime factors of i.
2, 11
Let v be (7/2)/(60/(-24))*-5. Let z(n) = n**3 - 6*n**2 - 9*n + 16. Let m be z(v). Suppose -m*l = 2*l - 620. List the prime factors of l.
5, 31
Let a(f) = 31*f**2 - 11*f + 194. Let p(d) = d**2 - 7*d - 1. Let z be p(8). List the prime factors of a(z).
2, 409
Let h(s) = 7*s*